ds digit of 15067479?
4
What is the units digit of 17450655?
5
What is the hundred thousands digit of 25297897?
2
What is the ten millions digit of 70611764?
7
What is the ten thousands digit of 1705498963?
9
What is the millions digit of 2832066993?
2
What is the thousands digit of 14233485?
3
What is the hundred millions digit of 432263908?
4
What is the thousands digit of 46165848?
5
What is the hundred thousands digit of 973296846?
2
What is the millions digit of 135172570?
5
What is the thousands digit of 308430326?
0
What is the hundred thousands digit of 737297391?
2
What is the thousands digit of 4521792?
1
What is the billions digit of 5838263299?
5
What is the hundreds digit of 6011632683?
6
What is the hundred millions digit of 980674796?
9
What is the ten millions digit of 12232251?
1
What is the hundreds digit of 12389181?
1
What is the hundred thousands digit of 4084406974?
4
What is the ten thousands digit of 460334605?
3
What is the ten thousands digit of 270407161?
0
What is the units digit of 933342238?
8
What is the units digit of 528586301?
1
What is the ten thousands digit of 1117192205?
9
What is the hundreds digit of 593008879?
8
What is the hundreds digit of 115671971?
9
What is the units digit of 1918133907?
7
What is the units digit of 1461395088?
8
What is the millions digit of 61201908?
1
What is the units digit of 118888013?
3
What is the units digit of 76871644?
4
What is the units digit of 1265953572?
2
What is the thousands digit of 162457920?
7
What is the hundred thousands digit of 75570538?
5
What is the thousands digit of 2887168147?
8
What is the millions digit of 866258188?
6
What is the thousands digit of 90983685?
3
What is the tens digit of 80400149?
4
What is the tens digit of 2604814429?
2
What is the hundred thousands digit of 181662831?
6
What is the hundred thousands digit of 594824185?
8
What is the millions digit of 7910679663?
0
What is the thousands digit of 2447360073?
0
What is the ten thousands digit of 169131656?
3
What is the thousands digit of 2802377320?
7
What is the ten thousands digit of 456742268?
4
What is the ten millions digit of 172690941?
7
What is the hundred millions digit of 181440355?
1
What is the millions digit of 4955547974?
5
What is the millions digit of 151692728?
1
What is the hundreds digit of 52308786?
7
What is the hundred thousands digit of 685816867?
8
What is the units digit of 109402462?
2
What is the hundreds digit of 6819217752?
7
What is the millions digit of 201543349?
1
What is the hundreds digit of 482001900?
9
What is the hundreds digit of 431598061?
0
What is the hundred thousands digit of 66382666?
3
What is the thousands digit of 246074719?
4
What is the hundred thousands digit of 100337985?
3
What is the hundred thousands digit of 32632262?
6
What is the tens digit of 26711175?
7
What is the ten millions digit of 3027135547?
2
What is the units digit of 145847085?
5
What is the hundreds digit of 997240251?
2
What is the thousands digit of 905831506?
1
What is the hundred thousands digit of 3858184913?
1
What is the tens digit of 1583319663?
6
What is the hundred thousands digit of 149122065?
1
What is the millions digit of 2668684642?
8
What is the hundreds digit of 1676338653?
6
What is the units digit of 162893084?
4
What is the hundreds digit of 239106212?
2
What is the tens digit of 175555954?
5
What is the hundreds digit of 232495798?
7
What is the millions digit of 32609880?
2
What is the hundreds digit of 30777045?
0
What is the billions digit of 1006117293?
1
What is the ten millions digit of 311369911?
1
What is the hundred millions digit of 1200147733?
2
What is the hundred millions digit of 149646797?
1
What is the thousands digit of 213346945?
6
What is the hundred thousands digit of 412522160?
5
What is the ten millions digit of 39407716?
3
What is the ten millions digit of 26038857?
2
What is the thousands digit of 50654830?
4
What is the units digit of 2064409546?
6
What is the ten thousands digit of 35681922?
8
What is the tens digit of 178729163?
6
What is the tens digit of 473889093?
9
What is the ten thousands digit of 6332758634?
5
What is the ten thousands digit of 84939265?
3
What is the tens digit of 4511067260?
6
What is the thousands digit of 489637803?
7
What is the hundreds digit of 2220131628?
6
What is the ten thousands digit of 5254635731?
3
What is the hundred thousands digit of 330161543?
1
What is the hundreds digit of 256620347?
3
What is the ten millions digit of 2578246764?
7
What is the thousands digit of 954297832?
7
What is the thousands digit of 75715262?
5
What is the ten thousands digit of 2524696501?
9
What is the tens digit of 816227397?
9
What is the thousands digit of 2024757601?
7
What is the hundred millions digit of 5574095516?
5
What is the units digit of 3015819088?
8
What is the units digit of 5361446?
6
What is the hundred millions digit of 6487488146?
4
What is the units digit of 56009468?
8
What is the thousands digit of 2488065263?
5
What is the thousands digit of 553553512?
3
What is the hundred millions digit of 4889574987?
8
What is the thousands digit of 110309653?
9
What is the hundred thousands digit of 373818038?
8
What is the millions digit of 8500158?
8
What is the units digit of 3139142283?
3
What is the millions digit of 994524779?
4
What is the ten thousands digit of 24003988?
0
What is the hundreds digit of 48258848?
8
What is the hundreds digit of 23164252?
2
What is the hundred millions digit of 347113964?
3
What is the hundred thousands digit of 153397565?
3
What is the tens digit of 3516113689?
8
What is the ten millions digit of 5729375511?
2
What is the millions digit of 128183215?
8
What is the units digit of 188564597?
7
What is the hundred thousands digit of 75484884?
4
What is the units digit of 789460821?
1
What is the tens digit of 13395398?
9
What is the millions digit of 67345459?
7
What is the ten millions digit of 4647444960?
4
What is the hundred thousands digit of 18256583?
2
What is the ten thousands digit of 1241296856?
9
What is the tens digit of 79497060?
6
What is the billions digit of 2458690144?
2
What is the millions digit of 432772475?
2
What is the units digit of 6708190438?
8
What is the millions digit of 1193797716?
3
What is the units digit of 133883944?
4
What is the thousands digit of 37785419?
5
What is the hundred thousands digit of 224906395?
9
What is the ten thousands digit of 3680810980?
1
What is the millions digit of 357466120?
7
What is the ten millions digit of 86321166?
8
What is the hundred millions digit of 462119727?
4
What is the billions digit of 1012269498?
1
What is the ten thousands digit of 31946989?
4
What is the millions digit of 98714002?
8
What is the thousands digit of 62765708?
5
What is the units digit of 956940260?
0
What is the ten millions digit of 623636364?
2
What is the millions digit of 646285370?
6
What is the hundred millions digit of 103505598?
1
What is the thousands digit of 3312514599?
4
What is the thousands digit of 14526205?
6
What is the hundred thousands digit of 1868309252?
3
What is the hundred thousands digit of 76636844?
6
What is the ten thousands digit of 2008015824?
1
What is the hundred thousands digit of 73924258?
9
What is the hundred thousands digit of 782433454?
4
What is the hundred millions digit of 172358219?
1
What is the thousands digit of 3076277657?
7
What is the ten thousands digit of 93590236?
9
What is the ten thousands digit of 280433523?
3
What is the tens digit of 1750449183?
8
What is the millions digit of 265913050?
5
What is the hundred thousands digit of 106658103?
6
What is the tens digit of 1035431634?
3
What is the units digit of 51054062?
2
What is the tens digit of 860965332?
3
What is the ten thousands digit of 10113068?
1
What is the thousands digit of 2879216?
9
What is the ten millions digit of 48628033?
4
What is the hundreds digit of 5629214202?
2
What is the ten thousands digit of 593125044?
2
What is the hundred thousands digit of 3582681030?
6
What is the ten millions digit of 396173353?
9
What is the units digit of 11238483?
3
What is the units digit of 510949983?
3
What is the units digit of 20555390?
0
What is the ten thousands digit of 1545921450?
2
What 